{"id":685,"date":"2021-09-15T09:37:20","date_gmt":"2021-09-15T12:37:20","guid":{"rendered":"https:\/\/alfababymaster.com.br\/novo\/?page_id=685"},"modified":"2021-10-20T11:36:18","modified_gmt":"2021-10-20T14:36:18","slug":"proposta-pedagogica","status":"publish","type":"page","link":"https:\/\/alfababymaster.com.br\/novo\/proposta-pedagogica\/","title":{"rendered":"PROPOSTA PEDAG\u00d3GICA"},"content":{"rendered":"<p><section id=\"bt_bb_section69f59349a67f1\"  data-background_image_src=\"'https:\/\/alfababymaster.com.br\/novo\/wp-content\/uploads\/2021\/10\/131.png'\" class=\"bt_bb_section bt_bb_layout_boxed_1200 bt_bb_vertical_align_top btLazyLoadBackground bt_bb_background_image\" style=\"background-image:url(&#039;https:\/\/alfababymaster.com.br\/novo\/wp-content\/plugins\/bold-page-builder\/img\/blank.gif&#039;);\"><div class=\"bt_bb_port\"><div class=\"bt_bb_cell\"><div class=\"bt_bb_cell_inner\"><div class=\"bt_bb_row  bt_bb_column_gap_extra_small bt_bb_shape_inherit\"  data-bt-override-class=\"{}\"><div class=\"bt_bb_row_holder\" ><div  class=\"bt_bb_column col-xxl-12 col-xl-12 col-xs-12 col-sm-12 col-md-12 col-lg-12 bt_bb_vertical_align_top bt_bb_align_left bt_bb_padding_normal bt_bb_shape_hard-rounded\" style=\"; --column-width:12;\" data-width=\"12\" data-bt-override-class=\"{&quot;bt_bb_align_&quot;:{&quot;current_class&quot;:&quot;bt_bb_align_left&quot;,&quot;def&quot;:&quot;left&quot;,&quot;xl&quot;:&quot;left&quot;}}\"><div class=\"bt_bb_column_content\"><div class=\"bt_bb_column_content_inner\"><div class=\"bt_bb_separator bt_bb_border_style_none bt_bb_bottom_spacing_35\" data-bt-override-class=\"null\"><\/div><div class=\"bt_bb_separator bt_bb_border_style_none bt_bb_bottom_spacing_35\" data-bt-override-class=\"null\"><\/div><div  class=\"bt_bb_text\" ><\/p>\n<h5 style=\"text-align: center;\"><span style=\"color: #ffffff;\">PROPOSTA PEDAG\u00d3GICA<\/span><\/h5>\n<p>\n<\/div><div class=\"bt_bb_separator bt_bb_border_style_none bt_bb_bottom_spacing_25\" data-bt-override-class=\"null\"><\/div><\/div><\/div><\/div><\/div><\/div><\/div><\/div><\/div><\/section><section id=\"bt_bb_section69f59349a69cb\"  class=\"bt_bb_section bt_bb_layout_boxed_1200\" ><div class=\"bt_bb_port\"><div class=\"bt_bb_cell\"><div class=\"bt_bb_cell_inner\"><div class=\"bt_bb_row \"  data-bt-override-class=\"{}\"><div class=\"bt_bb_row_holder\" ><div  class=\"bt_bb_column col-xxl-12 col-xl-12 col-xs-12 col-sm-12 col-md-12 col-lg-12 bt_bb_vertical_align_top bt_bb_align_left bt_bb_padding_normal bt_bb_shape_inherit\" style=\"; --column-width:12;\" data-width=\"12\" data-bt-override-class=\"{}\"><div class=\"bt_bb_column_content\"><div class=\"bt_bb_column_content_inner\"><div class=\"bt_bb_separator bt_bb_border_style_none bt_bb_top_spacing_30\" data-bt-override-class=\"null\"><\/div><\/div><\/div><\/div><\/div><\/div><\/div><\/div><\/div><\/section><section id=\"bt_bb_section69f59349a6abb\"  class=\"bt_bb_section bt_bb_layout_boxed_1200\" ><div class=\"bt_bb_port\"><div class=\"bt_bb_cell\"><div class=\"bt_bb_cell_inner\"><div class=\"bt_bb_row \"  data-bt-override-class=\"{}\"><div class=\"bt_bb_row_holder\" ><div  class=\"bt_bb_column col-xxl-12 col-xl-12 col-xs-12 col-sm-12 col-md-12 col-lg-12 bt_bb_vertical_align_top bt_bb_align_left bt_bb_padding_normal bt_bb_shape_inherit\" style=\"; --column-width:12;\" data-width=\"12\" data-bt-override-class=\"{}\"><div class=\"bt_bb_column_content\"><div class=\"bt_bb_column_content_inner\"><div  class=\"bt_bb_text\" ><\/p>\n<div class=\"entry-content\">\n<p><strong> MISS\u00c3O: <\/strong>Formar os alunos para o amor ao conhecimento. Oferecer ensino de excel\u00eancia a comunidade, por meio de interven\u00e7\u00e3o pedag\u00f3gica, promovendo a realiza\u00e7\u00e3o de aprendizagem com o maior grau de significados poss\u00edvel, uma vez que esta nunca \u00e9 absoluta \u2013 sempre \u00e9 poss\u00edvel estabelecer alguma rela\u00e7\u00e3o entre o que se pretende conhecer e as possibilidades de observa\u00e7\u00e3o, reflex\u00e3o e informa\u00e7\u00e3o que o sujeito j\u00e1 possui. Contudo n\u00e3o \u00e9 a aprendizagem que deve se ajustar ao ensino, mas sim o ensino que deve potencializar a aprendizagem.<\/p>\n<p><strong>VIS\u00c3O DE MUNDO: <\/strong>O mundo se transforma constantemente, e o homem \u00e9 sujeito da pr\u00f3pria educa\u00e7\u00e3o. Desta forma, atrav\u00e9s da reflex\u00e3o sobre o ambiente, ele contribuir\u00e1 para as mudan\u00e7as e melhorias. No mundo tecnol\u00f3gico, n\u00e3o perder\u00e1 de vista a qualidade de vida. Os valores como o respeito m\u00fatuo, responsabilidade, solidariedade ao pr\u00f3ximo, s\u00e3o princ\u00edpios fundamentais nesse processo de forma\u00e7\u00e3o.<\/p>\n<p><strong>VIS\u00c3O DE SOCIEDADE: <\/strong>A participa\u00e7\u00e3o do homem como sujeito da sociedade implica uma postura cr\u00edtica, e a cultura constitui a aquisi\u00e7\u00e3o sistem\u00e1tica da express\u00e3o humana, por isso, devemos descrever sua vis\u00e3o de cultural conhecendo o patrim\u00f4nio hist\u00f3rico arquitet\u00f4nico, cuidando do meio ambiente evitando sua degrada\u00e7\u00e3o, valorizando e divulgando as pessoas os bens culturais da nossa localidade como a dan\u00e7a, a musica a religiosidade do nosso povo. Queremos construir uma sociedade mais justa, democr\u00e1tica, solid\u00e1ria, igualit\u00e1ria e humana.<\/p>\n<p><strong>VIS\u00c3O DE CONHECIMENTO: <\/strong>O conhecimento n\u00e3o \u00e9 visto como algo situado fora do indiv\u00edduo, constru\u00eddo independentemente da realidade exterior dos demais indiv\u00edduos ou de sua pr\u00f3pria capacidade pessoais. \u00c9 antes de tudo, uma constru\u00e7\u00e3o hist\u00f3rica e social, na qual interferem fatores de ordem cultural e psicol\u00f3gica. Contudo \u00e9 resultado de um complexo e intrigante processo de modifica\u00e7\u00e3o, reorganiza\u00e7\u00e3o e constru\u00e7\u00e3o utilizado pelos alunos para assimilar e interpretar os conte\u00fados escolares.<\/p>\n<p><strong>VIS\u00c3O DA ESCOLA: <\/strong>A escola na perspectiva de constru\u00e7\u00e3o de cidadania precisa assumir a valoriza\u00e7\u00e3o da cultura de sua pr\u00f3pria comunidade, buscar ultrapassar seus limites, propiciando aos alunos pertencentes aos diferentes grupos sociais o acesso ao saber, tanto no que diz respeito aos conhecimentos socialmente relevantes na cultura brasileira, no \u00e2mbito nacional e regional, como no que faz parte do patrim\u00f4nio universal da humanidade. A forma\u00e7\u00e3o escolar deve possibilitar aos alunos condi\u00e7\u00f5es para desenvolver compet\u00eancias e consci\u00eancia profissional, mas n\u00e3o restringir-se ao ensino de habilidades imediatamente demandadas pelo mercado de trabalho. Nessa perspectiva a escola precisa possibilitar o cultivo dos bens culturais e sociais, considerando as expectativas e as necessidades dos alunos, dos pais, dos professores, enfim, dos envolvidos diretamente no processo educativo.\u00c9 nesse universo que o aluno vivencia situa\u00e7\u00f5es diversificadas que favorecem o aprendizado, para dialogar de maneira competente com a comunidade, aprender a respeitar e a ser respeitado, a ouvir e a ser ouvido, a reivindicar direitos e a cumprir obriga\u00e7\u00f5es, a participar ativamente da vida cient\u00edfica, cultural, social e pol\u00edtica do Pa\u00eds e do mundo.<\/p>\n<\/div>\n<p>\n<\/div><\/div><\/div><\/div><\/div><\/div><\/div><\/div><\/div><\/section><\/p>\n","protected":false},"excerpt":{"rendered":"","protected":false},"author":1,"featured_media":0,"parent":0,"menu_order":0,"comment_status":"closed","ping_status":"closed","template":"","meta":{"_eb_attr":"","om_disable_all_campaigns":false,"ub_ctt_via":"","_exactmetrics_skip_tracking":false,"_exactmetrics_sitenote_active":false,"_exactmetrics_sitenote_note":"","_exactmetrics_sitenote_category":0,"_monsterinsights_skip_tracking":false,"_monsterinsights_sitenote_active":false,"_monsterinsights_sitenote_note":"","_monsterinsights_sitenote_category":0,"_uf_show_specific_survey":0,"_uf_disable_surveys":false},"aioseo_notices":[],"featured_image_src":null,"_links":{"self":[{"href":"https:\/\/alfababymaster.com.br\/novo\/wp-json\/wp\/v2\/pages\/685"}],"collection":[{"href":"https:\/\/alfababymaster.com.br\/novo\/wp-json\/wp\/v2\/pages"}],"about":[{"href":"https:\/\/alfababymaster.com.br\/novo\/wp-json\/wp\/v2\/types\/page"}],"author":[{"embeddable":true,"href":"https:\/\/alfababymaster.com.br\/novo\/wp-json\/wp\/v2\/users\/1"}],"replies":[{"embeddable":true,"href":"https:\/\/alfababymaster.com.br\/novo\/wp-json\/wp\/v2\/comments?post=685"}],"version-history":[{"count":5,"href":"https:\/\/alfababymaster.com.br\/novo\/wp-json\/wp\/v2\/pages\/685\/revisions"}],"predecessor-version":[{"id":1131,"href":"https:\/\/alfababymaster.com.br\/novo\/wp-json\/wp\/v2\/pages\/685\/revisions\/1131"}],"wp:attachment":[{"href":"https:\/\/alfababymaster.com.br\/novo\/wp-json\/wp\/v2\/media?parent=685"}],"curies":[{"name":"wp","href":"https:\/\/api.w.org\/{rel}","templated":true}]}}