{"id":723,"date":"2021-09-15T11:55:04","date_gmt":"2021-09-15T14:55:04","guid":{"rendered":"https:\/\/alfababymaster.com.br\/novo\/?page_id=723"},"modified":"2024-09-03T07:50:26","modified_gmt":"2024-09-03T10:50:26","slug":"contato","status":"publish","type":"page","link":"https:\/\/alfababymaster.com.br\/novo\/contato\/","title":{"rendered":"CONTATO"},"content":{"rendered":"<p><section id=\"bt_bb_section69f59259718e0\"  class=\"bt_bb_section bt_bb_layout_wide bt_bb_vertical_align_top\" ><div class=\"bt_bb_port\"><div class=\"bt_bb_cell\"><div class=\"bt_bb_cell_inner\"><div class=\"bt_bb_row \"  data-bt-override-class=\"{}\"><div class=\"bt_bb_row_holder\" ><div  class=\"bt_bb_column col-xxl-12 col-xl-12 col-xs-12 col-sm-12 col-md-12 col-lg-12 bt_bb_vertical_align_top bt_bb_align_left bt_bb_padding_normal bt_bb_shape_inherit\" style=\"; --column-width:12;\" data-width=\"12\" data-bt-override-class=\"{}\"><div class=\"bt_bb_column_content\"><div class=\"bt_bb_column_content_inner\"><div class=\"bt_bb_separator bt_bb_border_style_none bt_bb_top_spacing_10\" data-bt-override-class=\"null\"><\/div><\/div><\/div><\/div><\/div><\/div><div class=\"bt_bb_row  bt_bb_negative_margin_extralarge bt_bb_shape_inherit\"  data-bt-override-class=\"{}\"><div class=\"bt_bb_row_holder\" ><div  class=\"bt_bb_column col-xxl-12 col-xl-12 col-xs-12 col-sm-12 col-md-12 col-lg-12 bt_bb_vertical_align_middle bt_bb_align_center bt_bb_padding_normal bt_bb_shape_inherit\" style=\"; --column-width:12;\" data-width=\"12\" data-bt-override-class=\"{&quot;bt_bb_align_&quot;:{&quot;current_class&quot;:&quot;bt_bb_align_center&quot;,&quot;def&quot;:&quot;center&quot;,&quot;xl&quot;:&quot;center&quot;}}\"><div class=\"bt_bb_column_content\"><div class=\"bt_bb_column_content_inner\"><div class=\"bt_bb_leaflet_map bt_bb_map bt_bb_animation_fade_in zoom_in animate\" data-center=\"yes\"><div class=\"bt_bb_leaflet_map_map bt_bb_map_map\" id=\"map_canvas69f5925971e0b\" style=\"height:700px\" data-zoom=\"9\" data-max_zoom=\"30\" data-predefined_style=\"1\" data-custom_style=\"\" data-scroll_wheel=\"1\" data-zoom_control=\"1\"><\/div><div class=\"bt_bb_leaflet_map_location bt_bb_map_location bt_bb_leaflet_map_location_without_content bt_bb_map_location_without_content\"  data-lat=\"-3.500837393177791\" data-lng=\"-39.58545232190976\" data-icon=\"https:\/\/alfababymaster.com.br\/novo\/wp-content\/uploads\/2021\/08\/cropped-cropped-6-1-e1605189745167-8-1.png\"><\/div><\/div><\/div><\/div><\/div><\/div><\/div><\/div><\/div><\/div><\/section><section id=\"bt_bb_section69f5925972139\"  class=\"bt_bb_section bt_bb_layout_boxed_1200\" ><div class=\"bt_bb_port\"><div class=\"bt_bb_cell\"><div class=\"bt_bb_cell_inner\"><div class=\"bt_bb_row  bt_bb_shape_inherit\"  data-bt-override-class=\"{}\"><div class=\"bt_bb_row_holder\" ><div  class=\"bt_bb_column col-xxl-12 col-xl-12 col-xs-12 col-sm-12 col-md-12 col-lg-12 bt_bb_vertical_align_top bt_bb_align_left bt_bb_padding_normal bt_bb_shape_inherit\" style=\"; --column-width:12;\" data-width=\"12\" data-bt-override-class=\"{}\"><div class=\"bt_bb_column_content\"><div class=\"bt_bb_column_content_inner\"><div class=\"bt_bb_separator bt_bb_border_style_none bt_bb_bottom_spacing_15\" data-bt-override-class=\"null\"><\/div><div  class=\"bt_bb_text\" ><\/p>\n<h6><strong>Fale com a gente<\/strong><\/h6>\n<div class=\"current markeddown hide-on-edit js-desc js-show-with-desc\" dir=\"auto\">\n<p dir=\"auto\">Nossa equipe est\u00e1 pronta pra tirar suas d\u00favidas. Fique \u00e0 vontade para entrar em contato conosco.<\/p>\n<p dir=\"auto\">Endere\u00e7o:<br \/>\nRua Padre Bezerra, 2321, Alto Alegre<br \/>\nCEP 62500-095 &#8211; Itapipoca &#8211; CE<\/p>\n<p dir=\"auto\">Telefones:<br \/>\n(88)99626-5253 \/ (88)99626-5222<\/p>\n<p dir=\"auto\">Dias e Hor\u00e1rios:<br \/>\nSeg a Sex | 7 \u00e0s 17:30 horas<\/p>\n<p dir=\"auto\">E-mail:<br \/>\n<a href=\"mailto:alfababymaster@hotmail.com\">alfababymaster@hotmail.com<\/a><\/p>\n<p dir=\"auto\">Redes Sociais:<br \/>\nInstagram: <span class=\"atMention\" title=\"alfababymaster\">@alfababymaster<\/span><br \/>\nFacebook: colegioalfababyemaster<\/p>\n<\/div>\n<p>\n<\/div><div class=\"bt_bb_separator bt_bb_border_style_none bt_bb_bottom_spacing_5\" data-bt-override-class=\"null\"><\/div><\/div><\/div><\/div><\/div><\/div><\/div><\/div><\/div><\/section><section data-bb-version=\"4.5.6\" id=\"bt_bb_section69f59259723fd\"  class=\"bt_bb_section bt_bb_layout_boxed_1200\" ><div class=\"bt_bb_port\"><div class=\"bt_bb_cell\"><div class=\"bt_bb_cell_inner\"><div class=\"bt_bb_row \"  data-bt-override-class=\"{}\"><div class=\"bt_bb_row_holder\" ><div data-bb-version=\"4.5.6\"  class=\"bt_bb_column col-xxl-12 col-xl-12 col-xs-12 col-sm-12 col-md-12 col-lg-12 bt_bb_vertical_align_top bt_bb_align_left bt_bb_padding_normal bt_bb_shape_inherit\" style=\"; --column-width:12;\" data-width=\"12\" data-bt-override-class=\"{}\"><div class=\"bt_bb_column_content\"><div class=\"bt_bb_column_content_inner\"><\/div><\/div><\/div><\/div><\/div><\/div><\/div><\/div><\/section><\/p>\n","protected":false},"excerpt":{"rendered":"","protected":false},"author":1,"featured_media":0,"parent":0,"menu_order":0,"comment_status":"closed","ping_status":"closed","template":"","meta":{"_eb_attr":"","om_disable_all_campaigns":false,"ub_ctt_via":"","_exactmetrics_skip_tracking":false,"_exactmetrics_sitenote_active":false,"_exactmetrics_sitenote_note":"","_exactmetrics_sitenote_category":0,"_monsterinsights_skip_tracking":false,"_monsterinsights_sitenote_active":false,"_monsterinsights_sitenote_note":"","_monsterinsights_sitenote_category":0,"_uf_show_specific_survey":0,"_uf_disable_surveys":false},"aioseo_notices":[],"featured_image_src":null,"_links":{"self":[{"href":"https:\/\/alfababymaster.com.br\/novo\/wp-json\/wp\/v2\/pages\/723"}],"collection":[{"href":"https:\/\/alfababymaster.com.br\/novo\/wp-json\/wp\/v2\/pages"}],"about":[{"href":"https:\/\/alfababymaster.com.br\/novo\/wp-json\/wp\/v2\/types\/page"}],"author":[{"embeddable":true,"href":"https:\/\/alfababymaster.com.br\/novo\/wp-json\/wp\/v2\/users\/1"}],"replies":[{"embeddable":true,"href":"https:\/\/alfababymaster.com.br\/novo\/wp-json\/wp\/v2\/comments?post=723"}],"version-history":[{"count":42,"href":"https:\/\/alfababymaster.com.br\/novo\/wp-json\/wp\/v2\/pages\/723\/revisions"}],"predecessor-version":[{"id":2717,"href":"https:\/\/alfababymaster.com.br\/novo\/wp-json\/wp\/v2\/pages\/723\/revisions\/2717"}],"wp:attachment":[{"href":"https:\/\/alfababymaster.com.br\/novo\/wp-json\/wp\/v2\/media?parent=723"}],"curies":[{"name":"wp","href":"https:\/\/api.w.org\/{rel}","templated":true}]}}